453
Let b(z) = 15*z**2 - 7844*z + 23540. Give b(3).
143
Let i(h) = 8872*h + 1037973. Give i(-117).
-51
Let s(y) = 38*y**2 + 5052*y + 2. Calculate s(0).
2
Let a(c) = -1215*c + 12801. Determine a(11).
-564
Let z(j) = j**3 + 4*j**2 - 70*j + 320. What is z(7)?
369
Let h(g) = -45*g**2 + 174*g + 47. Determine h(4).
23
Let x(g) = -g**3 - 264*g**2 + 2*g + 16. Determine x(0).
16
Let d(l) = l**3 + 182*l**2 + 2677*l + 487236. Calculate d(-182).
22
Let r(z) = -28*z**3 - 225*z**2 - 237*z - 1865. Give r(-8).
-33
Let h(a) = -67*a**2 - 1201*a + 97. Determine h(-18).
7
Let b(d) = -4*d**2 + 1459*d + 14928. Give b(-10).
-62
Let z(n) = 2*n**3 - 590*n**2 - 1417*n + 68006. Determine z(297).
-7
Let z(x) = -3184*x - 1954989. Determine z(-614).
-13
Let o(j) = -259*j - 64460. Determine o(-249).
31
Let l(t) = 606*t - 40582. Give l(67).
20
Let v(l) = l**3 - 2141*l - 10561. What is v(-5)?
19
Let o(v) = 3060*v + 1089348. Calculate o(-356).
-12
Let s(o) = -8523*o + 1329607. What is s(156)?
19
Let s(m) = 110330*m + 220637. Determine s(-2).
-23
Let v(f) = -f**3 - 167*f**2 - 1266*f - 177. Determine v(-159).
-1131
Let j(f) = -26*f**3 - 6*f**2 + 33*f - 31. Calculate j(1).
-30
Let j(l) = -3*l**2 + 295*l - 7206. Determine j(54).
-24
Let o(h) = -52*h**2 + 4519*h + 546. What is o(87)?
111
Let a(y) = -160*y**2 - 697*y + 547. Calculate a(-5).
32
Let d(j) = 6750*j + 27024. Calculate d(-4).
24
Let t(a) = 62*a**2 + 1680*a + 159. Give t(-27).
-3
Let f(z) = 840*z - 2444. What is f(4)?
916
Let v(x) = 12608*x - 327803. Calculate v(26).
5
Let a(k) = 28976*k - 550536. What is a(19)?
8
Let d(b) = -6535*b + 209128. Determine d(32).
8
Let i(o) = -14*o**2 + 2248*o + 3368. What is i(162)?
128
Let i(f) = -8*f**2 - 923*f + 570. What is i(-116)?
-10
Let p(t) = -404*t - 45272. Calculate p(-111).
-428
Let f(q) = 80211*q - 481266. Give f(6).
0
Let d(n) = -3*n**3 + 310*n**2 + 207*n + 67. Give d(104).
-37
Let w(v) = 71981*v - 791849. Calculate w(11).
-58
Let n(h) = -4206*h + 79894. Determine n(19).
-20
Let b(c) = -17479*c - 104913. Calculate b(-6).
-39
Let t(a) = -26*a**2 - 1402*a - 15777. Give t(-38).
-45
Let r(h) = h**2 - 223*h - 13649. Give r(273).
1
Let x(d) = 6*d**2 - 3411*d - 12334. Give x(572).
-322
Let c(v) = v**2 + 162*v + 3405. What is c(-22)?
325
Let a(b) = -76*b**2 + 532*b + 314. Determine a(11).
-3030
Let w(f) = -f**3 - 13*f**2 + 2848*f + 34318. Give w(-12).
-2
Let l(m) = -m**3 + 67*m**2 + 143*m - 5159. Determine l(68).
-59
Let q(j) = -2*j**2 + 20251*j - 222508. Determine q(11).
11
Let w(r) = -2*r**3 - 80*r**2 - 145*r - 2540. Calculate w(-39).
73
Let w(x) = 2*x**2 - 2204478*x + 13226795. Give w(6).
-1
Let w(v) = 137*v + 18902. Give w(-138).
-4
Let r(k) = -44187*k + 1767283. Determine r(40).
-197
Let x(v) = 2*v**3 - 24*v**2 + 9388*v - 103038. What is x(11)?
-12
Let i(c) = -63829*c**2 - 127662*c - 2. Calculate i(-2).
6
Let f(u) = 8*u**2 + 125*u - 4511. Give f(23).
2596
Let r(s) = 819*s + 11506. Calculate r(-14).
40
Let y(b) = 81*b**3 + 3*b**2 - 42*b - 195. Calculate y(-4).
-5163
Let u(c) = 2*c**3 + 144*c**2 - 1460*c - 159. What is u(-81)?
3
Let z(p) = 6*p**3 - 83*p**2 + 14*p + 29. What is z(14)?
421
Let z(o) = -427*o**3 - 14*o**2 + 26*o + 26. Calculate z(-1).
413
Let q(a) = -79360*a - 555419. Determine q(-7).
101
Let i(z) = -z**3 - 286*z**2 + 322*z - 73237. Calculate i(-288).
-85
Let y(r) = -r**3 + 72*r**2 + 883*r - 54402. Calculate y(74).
-12
Let s(z) = 343233*z + 3089087. What is s(-9)?
-10
Let j(f) = 838400*f - 21798405. What is j(26)?
-5
Let q(z) = -8*z**3 - 6*z**2 - 93*z - 244. Determine q(-6).
1826
Let k(m) = 4*m**3 - 12*m**2 + 127*m - 344. Give k(5).
491
Let y(j) = j**2 - 2657*j + 18477. Calculate y(7).
-73
Let i(a) = 7*a**2 + 3443*a + 17101. What is i(-5)?
61
Let t(z) = 3101*z + 114718. Determine t(-37).
-19
Let x(m) = -30708*m - 2425936. Give x(-79).
-4
Let w(t) = -2*t**2 + 69*t + 188. Calculate w(37).
3
Let c(w) = -2*w**2 + 56*w - 838. Determine c(16).
-454
Let r(l) = 2385*l - 16745. Determine r(7).
-50
Let a(d) = d**3 - 59*d**2 + 665*d + 3796. Give a(40).
-4
Let a(q) = 95*q + 27601. Determine a(-287).
336
Let o(t) = 16*t**2 - 1056*t - 38265. What is o(-26)?
7
Let j(i) = -544842*i + 8172602. What is j(15)?
-28
Let z(p) = 4870*p + 462624. Calculate z(-95).
-26
Let y(t) = 1871*t - 421056. Give y(225).
-81
Let z(p) = p**3 - 3*p**2 + 6976*p - 49013. Determine z(7).
15
Let b(t) = t**3 - 105*t**2 + 423*t + 1588. Determine b(100).
-6112
Let a(y) = y**3 - 3*y**2 - 184*y + 447. Determine a(14).
27
Let s(k) = -7154*k - 29846. Determine s(-4).
-1230
Let v(y) = y**3 - 140*y**2 + 3467*y - 378. Calculate v(32).
-26
Let r(w) = -3*w**3 - 39*w**2 + 498*w + 6492. Calculate r(-13).
18
Let b(v) = 21*v**2 + 1074*v + 215. Calculate b(-51).
62
Let q(b) = -9*b**3 - 52*b**2 - 1988*b - 1941. Determine q(-1).
4
Let h(b) = -3*b**2 - 50*b + 2967. Calculate h(31).
-1466
Let n(j) = 64624*j**2 - 1938725*j + 152. What is n(30)?
2
Let d(s) = -2*s**3 + 8*s**2 + 54*s - 227. Give d(9).
-551
Let o(d) = 9*d**2 + 801*d + 2801. Determine o(-85).
-259
Let f(o) = -2*o**2 + 9044*o + 90648. Determine f(-10).
8
Let b(q) = -658*q + 35174. Give b(52).
958
Let t(c) = -3084*c - 1279858. Determine t(-415).
2
Let r(d) = 770*d + 189459. Calculate r(-246).
39
Let d(z) = z**2 + 35429*z - 106299. What is d(3)?
-3
Let b(l) = 1482*l + 496475. Calculate b(-335).
5
Let v(p) = -2*p**3 + 568*p**2 - 8062*p - 2147. Give v(269).
5
Let l(x) = 4*x**3 + 29*x**2 - 6*x - 22. Calculate l(1).
5
Let s(w) = -2*w**3 - 110*w**2 - 578*w - 31966. What is s(-55)?
-176
Let m(n) = -248254*n - 35252063. What is m(-142)?
5
Let h(z) = -z**2 - 132*z + 87406. Calculate h(237).
-47
Let o(a) = 73*a**3 - 1750*a**2 - 54*a + 114. What is o(24)?
-30
Let p(v) = -2*v**2 + 6*v + 2080. What is p(34)?
-28
Let q(i) = 4*i**3 - 15*i**2 - 31*i - 3. What is q(-2)?
-33
Let i(q) = -q**2 + 961*q + 83273. What is i(-80)?
-7
Let k(p) = 7*p**2 - 921*p - 6934. What is k(-7)?
-144
Let k(l) = -2684*l + 399933. Give k(149).
17
Let r(s) = -s**3 - 356*s**2 - 18733*s - 2874. Determine r(-64).
6
Let t(h) = -285*h - 3070. Give t(-12).
350
Let n(p) = -15943*p + 79802. Calculate n(5).
87
Let c(d) = 259*d**3 + 92199*d**2 - 1778*d + 715. What is c(-356)?
3
Let r(i) = -3*i**2 + 15*i - 176. Calculate r(16).
-704
Let i(k) = -48105*k - 48513. Determine i(-1).
-408
Let g(h) = -5*h**3 - 12*h**2 + 103*h - 700. Determine g(8).
-3204
Let j(b) = -3*b**2 - 60924*b - 3462921. Give j(-57).
0
Let r(z) = z**2 - 1172*z - 35709. What is r(-30)?
351
Let j(w) = -3045*w + 3970678. Calculate j(1304).
-2
Let z(l) = -19127*l + 114785. Calculate z(6).
23
Let o(p) = -2359*p + 2282. What is o(1)?
-77
Let g(r) = r**3 - 2*r**2 + 47*r + 121. Determine g(0).
121
Let y(w) = -1210*w + 179048. Calculate y(148).
-32
Let q(l) = l**3 + 197*l**2 - 16382*l + 9. Give q(63).
-117
Let x(g) = g**3 - 211*g**2 + 2907*g + 6460. What is x(196)?
-8
Let j(y) = y**2 - 324*y + 21658. What is j(230)?
38
Let f(a) = -6719*a + 1538645. What is f(229)?
-6
Let z(a) = -31*a**3 - 527*a**2 + 97*a + 1653. What is z(-17)?
4
Let s(n) = -4*n**3 + n**2 - 263*n - 542. Determine s(-2).
20
Let f(c) = -533*c + 29281. What is f(55)?
-34
Let l(d) = -2943*d - 11825. Calculate l(-4).
-53
Let l(w) = -2*w**3 + 22*w**2 + 21024*w - 105422. Give l(5).
-2
Let v(s) = -23*s**2 + 1014*s - 3127. What is v(3)?
-292
Let l(r) = -4*r**2 + 223*r - 1807. What is l(17)?
828
Let g(f) = 25*f**2 + 8517*f - 2736. Give g(-341).
-8
Let y(n) = n**3 + 514*n**2 + 61819*n - 954. Calculate y(-192).
6
Let m(j) = -9*j**2 + 1658*j + 674758. Give m(381).
7
Let i(g) = 257*g**2 + 1288*g + 7. Determine i(-5).
-8
Let m(k) = 5254*k + 132047. Give m(-25).
697
Let f(u) = -2745*u - 1331339. What is f(-485)?
-14
Let g(k) = 2*k**2 - 266*k - 6567. Give g(-22).
253
Let b(z) = -13846*z + 761531. Give b(55).
1
Let d(c) = -c**3 + 29*c**2 - 426*c + 8182. What is d(25)?
32
Let z(f) = -119*f - 5523. Determine z(-49).
308
Let f(b) = 4*b**2 - 59*b - 28917. Determine f(-78).
21
Let o(v) = -61*v**2 + 7055*v + 9601. Calculate o(117).
7
Let u(i) = -3*i**2 + 15*i + 1088. Give u(-42).
-4834
Let d(h) = 474*h - 17967. Give d(38).
45
Let w(v) = 13*v**2 + 157*v + 16. Give w(-13).
172
Let n(c) = -c**3 + 89*c**2 - 153*c - 1567. Give n(87).
260
Let x(m) = -488*m - 89276. Give x(-183).
28
Let i(z) = 6527*z - 39081. Calculate i(6).
81
